 Does 3 divide u(8)?
False
Let h(i) = i**3 + 5*i**2 + 3*i + 6. Let n(m) = m**2 + 5. Let u be n(0). Let p be u*((-18)/(-15) - 2). Does 8 divide h(p)?
False
Let r(g) = 27*g**2 - 6*g - 4. Does 17 divide r(-1)?
False
Let k be (3/(-2))/((-4)/8). Suppose -3 - 9 = k*o. Let n(b) = -2*b**3 - 5*b**2 + 4*b + 6. Is n(o) a multiple of 19?
True
Let y be (-2)/6 + (-52)/(-12). Suppose 4*c = 5*a + 45 - 125, y*a - 28 = -4*c. Suppose -a = -z - z. Is 6 a factor of z?
True
Suppose -4*z + 16 = 0, -5*p = -4*p - 5*z. Suppose 3*f - 73 = -2*h, -5*f = 3*h - 129 + p. Does 14 divide h?
False
Suppose 4*o - 72 = 4*a, 2*a + 41 = 5*o - 61. Let m = o - 6. Does 10 divide m?
False
Let t = -1 - -1. Let u(d) = 179*d**3 + 2*d**2 - 1. Let l be u(1). Suppose -4*n - n + l = t. Is n a multiple of 18?
True
Is 4 a factor of 12/48 - 383/(-4)?
True
Let q(h) = -9*h - 12*h - 2 + 10*h. Is q(-4) a multiple of 14?
True
Suppose d - 2*d = 4*n - 104, -d = -4*n - 144. Suppose -d - 8 = -2*k. Does 22 divide k?
True
Suppose -4 = -3*s + 2. Suppose 6*p = 2*v + 2*p - 20, 22 = s*v - 3*p. Is v a multiple of 14?
True
Suppose 0*n - n + 8 = 0. Suppose -j + n = 4. Suppose 3*m = 6*m + j*x - 104, -5*m + 120 = -4*x. Is m a multiple of 14?
True
Suppose -a = -3*v + 55, 3*v - 76 = -v + 4*a. Is 6 a factor of v?
True
Suppose 30 = 4*c - 50. Does 7 divide c?
False
Let z(k) = 12*k - 18. Does 12 divide z(6)?
False
Suppose -5*k - 3*k = -1520. Does 18 divide k?
False
Suppose 10*d - 5*d = -885. Let h be (-1 - -2)/((-2)/252). Let p = h - d. Does 13 divide p?
False
Let g be (-150)/22 - 4/22. Let b(z) = 35*z + 5. Let m be b(g). Does 16 divide (4/(-10))/(3/m)?
True
Let d be 33 + ((-3)/1)/3. Suppose -2*m + 65 = 3*m + o, -3*m - 2*o + d = 0. Does 8 divide m?
False
Let w(t) = t**2 - t + 2. Is w(0) a multiple of 2?
True
Let x(q) = 0*q + q**2 - 2*q - 5*q - 4. Let v be x(6). Does 6 divide 240/25 - 4/v?
False
Let v = 72 + -34. Is v a multiple of 19?
True
Suppose b = -15 - 17. Let m = b + 47. Is m a multiple of 15?
True
Suppose s + 21 = -2*s. Let o = 27 + s. Is o a multiple of 11?
False
Let r(u) = -u**3 + 7*u**2 - 5*u + 5. Is 12 a factor of r(5)?
False
Let u be 518/(-18) + (-2)/9. Let g = -13 - u. Is 16 a factor of g?
True
Let l = 63 + 15. Does 8 divide l?
False
Let m = 414 - 271. Is 13 a factor of m?
True
Suppose 3*d = 9 - 3. Suppose 3*u = 3*z - u - 88, 106 = 3*z + 5*u. Suppose 0*j = d*j - z. Is 7 a factor of j?
False
Let s = 4 - -1. Suppose 2*u + 58 = -s*n, -2*u - 12 = -4*n - 44. Is 5 a factor of (-4)/n*(-60)/(-2)?
False
Suppose 0 = 3*n + b - 6*b - 22, 4*n + 3*b - 10 = 0. Suppose 65 - 5 = n*u. Does 9 divide u?
False
Suppose -2*o = -4*j + 64, 4*j + 3*o = j + 48. Does 16 divide j?
True
Let k = 2 - 0. Suppose 4*p - k*t = -4*t - 144, -p = 5*t + 45. Let x = p - -70. Does 15 divide x?
False
Suppose z + 2*c - 16 = 0, -4*z + 0*c + 55 = 5*c. Is 5 a factor of z?
True
Suppose 4*q + 592 = 4*m, -m - 4*m + 4*q = -737. Is 37 a factor of m?
False
Let j = 7 + -5. Let m be 0 - (-2 + j + 0). Suppose 2*z + 3*k = -0*k + 46, m = -2*k - 4. Does 13 divide z?
True
Let d be (2 + 0)*54/12. Suppose 0 = f - d - 1. Does 5 divide f?
True
Let a = -2 - -50. Suppose 5*r - r - a = 0. Is r a multiple of 4?
True
Let n be (-2 + 2 + 0)/3. Suppose n = -5*p + 2*p + 4*w + 18, -5*p - 5*w - 5 = 0. Suppose 0 = p*k + 6, -4*c - 5*k = -3*c - 22. Is c a multiple of 26?
False
Suppose p - 5*p + 134 = c, -3*c - 4*p + 394 = 0. Does 14 divide c?
False
Let l be (1 - (-2)/1) + -3. Suppose l = 7*u - 10*u + 54. Does 4 divide u?
False
Let g(t) = 19*t**2 + 2*t + 3. Does 6 divide g(-1)?
False
Does 38 divide 344 - -2 - (-11 - -15)?
True
Let q = -213 + 333. Is 15 a factor of q?
True
Suppose 2*l + 5*m - 5 = -3*l, -2*l = m - 5. Let j = l + -1. Suppose 0*v - j*v = -126. Does 21 divide v?
True
Let s be 62 + (-4)/16*-4*3. Let p be (-174)/8 - (-3)/(-12). Let f = p + s. Is 19 a factor of f?
False
Let n = 6 + -4. Suppose -n*r + 3*r - 3 = 0. Suppose -r*w + 0*w - u + 49 = 0, 2*u - 18 = -w. Is 7 a factor of w?
False
Let u(t) = -2*t**3 - 3*t**2 + 14*t + 9. Is u(-5) a multiple of 10?
False
Does 11 divide ((-3)/9)/((-4)/672)?
False
Let s(y) = y**3 - 3*y - 2. Does 3 divide s(3)?
False
Let v(c) = -298*c + 1. Let x be v(-1). Is 14 a factor of (-8)/(-28) - x/(-7)?
False
Let c(a) = 2*a**2 + 2*a + 14. Does 19 divide c(5)?
False
Let u(g) be the first derivative of g**4/3 - 7*g**3/6 + 3*g**2 + 4*g - 2. Let h(v) be the first derivative of u(v). Is 14 a factor of h(4)?
True
Suppose -v = 2*v - 9. Is 19 a factor of -108*v/((-18)/3)?
False
Let n be (-3 - 4)*(-4)/4. Suppose -190 = -n*w + 20. Is w a multiple of 15?
True
Let b = -1 - 0. Let v be -2 - b/((-1)/(-5)). Suppose 0*f - 5*f = 4*i - 63, -f - 4*i + v = 0. Does 15 divide f?
True
Let k = -8 + 11. Let t = k + 8. Is t a multiple of 11?
True
Suppose -9 = -2*s + i, 3*s - 4*i = 6 + 5. Suppose 2 = -l - s*q, 0 = -2*q - 10. Is 23 a factor of l?
True
Let l(s) = 6*s**2 + 3*s - 2. Let q be l(-3). Suppose 0 = -i + q + 11. Is 18 a factor of i?
True
Suppose -5*n + 336 = -109. Does 25 divide n?
False
Let f(x) = 61*x**3 - x**2 + x - 1. Is 20 a factor of f(1)?
True
Let s(m) be the first derivative of 7*m**2/2 - 2*m + 3. Is s(4) a multiple of 14?
False
Let m(l) = -5*l + 2. Suppose -6 = 5*r - 2*r. Is m(r) a multiple of 12?
True
Suppose -32*j + 30*j = -224. Is j a multiple of 16?
True
Let k be (0 - 76)/((-8)/(-76)). Let w be k/(-9) + 6/(-27). Suppose -3*h - h = -4*x + w, 4*h + 40 = 2*x. Is 7 a factor of x?
False
Let o = -10 + 13. Let f = 7 - 2. Suppose -42 = -f*t + o*t. Is 10 a factor of t?
False
Let d(o) = o**2 + 8*o + 4. Let q be d(-7). Let u(k) = k + k**2 + 2*k - 4*k + 3*k. Is u(q) a multiple of 2?
False
Let x = -6 + 5. Is 1704/32 - x/(-4) a multiple of 18?
False
Let b = 22 - 12. Suppose 0 = 3*a - 8*a + b. Is (a + -9)/(1/(-2)) a multiple of 14?
True
Suppose -3*z - 11 = -5*v - 2, -3*v + 5*z + 15 = 0. Suppose v = -l + 12. Does 18 divide -24*((-63)/l)/7?
True
Is 10 a factor of 1104/42 - 4/14?
False
Suppose 0*d = -3*d + 5*x + 63, 0 = d - 3*x - 25. Does 8 divide d?
True
Suppose -8 = -3*s + 1. Suppose -k - 30 = -s*k. Suppose 4*b + b - k = 0. Is b even?
False
Suppose 5*b = -2*x + 789, -5*b + 4*x + 777 = -0*x. Is 12 a factor of b?
False
Suppose 7*w - 298 - 332 = 0. Does 23 divide w?
False
Let b(n) = n**3 - 2*n**2 - 3*n + 2. Let r be b(3). Let g(v) = 6*v**2 - v - 2. Does 15 divide g(r)?
False
Let r be 4/(-6) + 451/33. Let g = -11 + r. Does 8 divide -1 + (31 - 1) - g?
False
Let c = 2 + 1. Let i be ((-40)/32)/((-2)/(-40)). Does 7 divide 0/c - 1 - i?
False
Let g(x) = -x**2. Let r(j) = j**2 - j - 1. Let b(c) = 2*g(c) - r(c). Let m be b(2). Is 11 a factor of (-6)/m*(-66)/(-4)?
True
Suppose 0*j - 4*j + 16 = 0. Suppose 2*l + 5 = -5*o - 10, 0 = -j*l - 5*o - 5. Suppose 4*n - 48 - 6 = -l*f, -4*n - 46 = -5*f. Does 7 divide f?
False
Let i = 1 + 1. Suppose 31 = i*b - 11. Does 2 divide (8/(-3))/((-14)/b)?
True
Let j = -21 + 39. Is 6 a factor of j?
True
Suppose 2*s = -0*s. Let u(n) = 26 + s*n + n**3 - 2*n**3 - n. Is 13 a factor of u(0)?
True
Suppose -c = 3*c - 5*f - 77, -4*f + 32 = 2*c. Does 4 divide c?
False
Let s = 34 - 22. Is 4 a factor of s?
True
Let u(n) = -n**3 - 7*n**2 + 8*n - 6. Let p be u(-8). Does 10 divide 0*2/p + 10?
True
Suppose -2*t = -1 - 1. Let l be t*(-3 - -23)/(-2). Let z = -5 - l. Is z even?
False
Let g = 80 - 28. Is g a multiple of 26?
True
Let i(v) = -4*v + 8. Let m be i(-7). Suppose 5*p = 5*a + 40, -4*p = -3*a - 0*a - m. Is p a multiple of 12?
True
Suppose k = -k + 176. Suppose -5*v + k = -2*a, 112 = 5*v + a + 21. Does 6 divide v?
True
Is 5 a factor of 8 + -2 + -2 + 3?
False
Let r(f) = -f**3 - 5*f**2 - 6*f - 6. Let o be r(-4). Suppose -o*w + 18 = -54. Suppose 3*g - w = g. Does 7 divide g?
False
Suppose 0 = 5*v + 2*s - 162, -2*s = 4*v - 5*s - 125. Does 16 divide v?
True
Suppose 186 = 5*c + 2*i, -2*i = -2*c - i + 69. Is c a multiple of 12?
True
Let h(v) be the second derivative of -v**3/6 - 3*v**2 + v. Let q be h(-8). Does 4 divide 2*q/(-1)*-1?
True
Let b(g) = g**3 - 5*g**2 + 6*g - 5. Let j be b(4). Suppose j*t - 42 = -s, 2*s - 3*s - t + 46 = 0. Suppose 4*v = s - 0. Is 12 a factor of v?
True
Let p(b) = -b**2 + b + 37. Let f be p(0). Let i = f - 22. Is 11 a factor of i?
False
Suppose v - 5 = -q, 9 + 6 = 3*q + 4*v. Let f = q + 14. Does 19 divide f?
True
Suppose 24 = -5*q - 4*k + k, 24 = -4